{"id":12551,"date":"2016-08-30T13:01:47","date_gmt":"2016-08-30T12:01:47","guid":{"rendered":"http:\/\/collegekerentrech.fr\/?page_id=12551"},"modified":"2025-04-23T20:00:37","modified_gmt":"2025-04-23T18:00:37","slug":"6eme","status":"publish","type":"page","link":"https:\/\/trefavensc.fr\/?page_id=12551","title":{"rendered":"6\u00e8me-Sciences"},"content":{"rendered":"\n<h3>&nbsp;<\/h3>\n<h3 style=\"text-align: center;\"><b><strong><em><span data-mce-mark=\"1\">Pour<a href=\"mailto:pierre.robin@ac-rennes.fr\"> contacter l&rsquo;enseignant : PY Robin <\/a>(the Boss)<\/span><\/em><\/strong><\/b><\/h3>\n<h1 style=\"text-align: left;\"><a href=\"https:\/\/www.online-stopwatch.com\/french\/\" target=\"_blank\" rel=\"noopener noreferrer\"><strong style=\"color: #ff6600; font-size: xx-large; font-family: Verdana, Arial, Helvetica, sans-serif; line-height: normal;\" data-wp-editing=\"1\"><span style=\"text-decoration: underline;\" data-mce-mark=\"1\">Lancez le chrono :<\/span> <img decoding=\"async\" loading=\"lazy\" class=\"wp-image-16027\" src=\"https:\/\/trefavensc.fr\/wp-content\/uploads\/2019\/01\/chrono.gif\" alt=\"\" width=\"58\" height=\"62\"><\/strong><\/a><\/h1>\n<table>\n<tbody>\n<tr>\n<td>\n<ul>\n<li>\n<h3><span style=\"color: #ff6600;\">Pour connaitre tous les tableaux des unit\u00e9s :<\/span><\/h3>\n<\/li>\n<\/ul>\n<\/td>\n<td><iframe loading=\"lazy\" title=\"YouTube video player\" src=\"https:\/\/www.youtube.com\/embed\/p3_D94OwyDM?si=ceOWb0Hkwf7izzl2&amp;start=13\" width=\"240\" height=\"134\" frameborder=\"0\" allowfullscreen=\"allowfullscreen\" data-mce-fragment=\"1\"><\/iframe><\/td>\n<\/tr>\n<tr>\n<td>\n<ul>\n<li>\n<h3><span style=\"color: #ff6600;\">Savoir utiliser un tableau des unit\u00e9s :<\/span><\/h3>\n<\/li>\n<\/ul>\n<\/td>\n<td><iframe loading=\"lazy\" title=\"YouTube video player\" src=\"https:\/\/www.youtube.com\/embed\/fprfNYgD7wc?si=O7w0St4GNn6370ci&amp;start=15&amp;end=99\" width=\"240\" height=\"134\" frameborder=\"0\" allowfullscreen=\"allowfullscreen\" data-mce-fragment=\"1\"><\/iframe><\/td>\n<\/tr>\n<\/tbody>\n<\/table>\n<table style=\"height: 260px; width: 100%;\" width=\"426\">\n<tbody>\n<tr>\n<td style=\"width: 33.3333%;\">&nbsp;<\/td>\n<td style=\"width: 44.7033%;\">\n<h1 style=\"text-align: center;\" data-wp-editing=\"1\"><a href=\"https:\/\/trefavensc.fr\/00-physique-chimie\/6eme\/theme1-trefaven-Lorient-et-la-mer\/index.html\" target=\"_blank\" rel=\"noopener\">Th\u00e8me 1 &#8211; Lorient et la mer<\/a><\/h1>\n<p>&nbsp;<\/p>\n<p><a href=\"https:\/\/trefavensc.fr\/00-physique-chimie\/6eme\/theme1-trefaven-Lorient-et-la-mer\/index.html\" target=\"_blank\" rel=\"noopener\"><img decoding=\"async\" loading=\"lazy\" class=\"aligncenter wp-image-19136\" src=\"https:\/\/trefavensc.fr\/wp-content\/uploads\/2023\/09\/GEDC1051-1024x768.jpg\" alt=\"\" width=\"234\" height=\"176\" srcset=\"https:\/\/trefavensc.fr\/wp-content\/uploads\/2023\/09\/GEDC1051-1024x768.jpg 1024w, https:\/\/trefavensc.fr\/wp-content\/uploads\/2023\/09\/GEDC1051-300x225.jpg 300w, https:\/\/trefavensc.fr\/wp-content\/uploads\/2023\/09\/GEDC1051-768x576.jpg 768w, https:\/\/trefavensc.fr\/wp-content\/uploads\/2023\/09\/GEDC1051-400x300.jpg 400w, https:\/\/trefavensc.fr\/wp-content\/uploads\/2023\/09\/GEDC1051-1536x1152.jpg 1536w, https:\/\/trefavensc.fr\/wp-content\/uploads\/2023\/09\/GEDC1051-2048x1536.jpg 2048w, https:\/\/trefavensc.fr\/wp-content\/uploads\/2023\/09\/GEDC1051-750x563.jpg 750w\" sizes=\"(max-width: 234px) 100vw, 234px\" \/><\/a><\/p>\n<p style=\"text-align: center;\" data-wp-editing=\"1\"><em>&#8212;<br><span style=\"color: #800080;\">Auteur image : PY Robin<br><\/span><\/em><\/p>\n<\/td>\n<td style=\"width: 21.8327%;\">&nbsp;<\/td>\n<\/tr>\n<tr>\n<td style=\"width: 33.3333%;\">\n<pre>&nbsp;<\/pre>\n<\/td>\n<td style=\"width: 44.7033%;\">\n<h2 id=\"nodeTitle\" style=\"text-align: center;\"><a href=\"\/\/trefavensc.fr\/00-physique-chimie\/6eme\/theme2-phenomenes-lies-Le_soleil_la_Terre_la_Lune\/index.html\" target=\"_blank\" rel=\"noopener\">Th\u00e8me 2 : Mieux comprendre les ph\u00e9nom\u00e8nes li\u00e9s au&nbsp; Soleil, Terre ou Lune.<img decoding=\"async\" loading=\"lazy\" class=\"aligncenter size-full wp-image-19217\" src=\"https:\/\/trefavensc.fr\/wp-content\/uploads\/2024\/03\/Soleil-Terre-Lune.jpg\" alt=\"\" width=\"949\" height=\"660\" srcset=\"https:\/\/trefavensc.fr\/wp-content\/uploads\/2024\/03\/Soleil-Terre-Lune.jpg 949w, https:\/\/trefavensc.fr\/wp-content\/uploads\/2024\/03\/Soleil-Terre-Lune-300x209.jpg 300w, https:\/\/trefavensc.fr\/wp-content\/uploads\/2024\/03\/Soleil-Terre-Lune-768x534.jpg 768w, https:\/\/trefavensc.fr\/wp-content\/uploads\/2024\/03\/Soleil-Terre-Lune-431x300.jpg 431w, https:\/\/trefavensc.fr\/wp-content\/uploads\/2024\/03\/Soleil-Terre-Lune-750x522.jpg 750w\" sizes=\"(max-width: 949px) 100vw, 949px\" \/><\/a><\/h2>\n<\/td>\n<td style=\"width: 21.8327%;\">\n<h2>&nbsp;<\/h2>\n<\/td>\n<\/tr>\n<tr>\n<td style=\"width: 33.3333%;\">\n<p style=\"text-align: center;\">&nbsp;<\/p>\n<\/td>\n<td style=\"width: 44.7033%;\">\n<h2 style=\"text-align: center;\"><a href=\"https:\/\/trefavensc.fr\/00-physique-chimie\/6eme\/Theme3-trefaven-Experiences-surprenantes\/index.html\" target=\"_blank\" rel=\"noopener\">Th\u00e8me 3 : Des exp\u00e9riences surprenantes<\/a><\/h2>\n<p><a href=\"https:\/\/trefavensc.fr\/00-physique-chimie\/6eme\/Theme3-trefaven-Experiences-surprenantes\/index.html\" target=\"_blank\" rel=\"noopener\"><img decoding=\"async\" loading=\"lazy\" class=\"aligncenter size-full wp-image-19364\" src=\"https:\/\/trefavensc.fr\/wp-content\/uploads\/2025\/04\/lien-theme3-6eme.jpg\" alt=\"\" width=\"823\" height=\"450\" srcset=\"https:\/\/trefavensc.fr\/wp-content\/uploads\/2025\/04\/lien-theme3-6eme.jpg 823w, https:\/\/trefavensc.fr\/wp-content\/uploads\/2025\/04\/lien-theme3-6eme-300x164.jpg 300w, https:\/\/trefavensc.fr\/wp-content\/uploads\/2025\/04\/lien-theme3-6eme-768x420.jpg 768w, https:\/\/trefavensc.fr\/wp-content\/uploads\/2025\/04\/lien-theme3-6eme-500x273.jpg 500w, https:\/\/trefavensc.fr\/wp-content\/uploads\/2025\/04\/lien-theme3-6eme-750x410.jpg 750w\" sizes=\"(max-width: 823px) 100vw, 823px\" \/><\/a><\/p>\n<p>&nbsp;<\/p>\n<\/td>\n<td style=\"width: 21.8327%;\">\n<h6>&nbsp;<\/h6>\n<\/td>\n<\/tr>\n<\/tbody>\n<\/table>\n<h1><a href=\"https:\/\/www.lumni.fr\/college\/sixieme\/sciences-et-technologie\" target=\"_blank\" rel=\"noopener noreferrer\">Pour acc\u00e9der \u00e0 la chaine Lumni :<\/a><\/h1>\n<p><img decoding=\"async\" loading=\"lazy\" class=\"aligncenter size-medium wp-image-18093\" src=\"https:\/\/trefavensc.fr\/wp-content\/uploads\/2020\/08\/Lien_lumni-300x96.jpg\" alt=\"\" width=\"300\" height=\"96\" srcset=\"https:\/\/trefavensc.fr\/wp-content\/uploads\/2020\/08\/Lien_lumni-300x96.jpg 300w, https:\/\/trefavensc.fr\/wp-content\/uploads\/2020\/08\/Lien_lumni-500x160.jpg 500w, https:\/\/trefavensc.fr\/wp-content\/uploads\/2020\/08\/Lien_lumni.jpg 700w\" sizes=\"(max-width: 300px) 100vw, 300px\" \/><\/p>\n<hr>\n<p>&nbsp;<\/p>\n<h1 style=\"text-align: center;\"><a title=\"Aller au programme de 6\u00e8me\" href=\"http:\/\/trefavensc.fr\/?page_id=12551\" target=\"_blank\" rel=\"noopener noreferrer\"><strong><span data-mce-mark=\"1\">6\u00e8me<\/span><\/strong><\/a><strong><span data-mce-mark=\"1\">&nbsp;\/\/&nbsp;<\/span><\/strong><a href=\"http:\/\/trefavensc.fr\/?page_id=11948\" target=\"_blank\" rel=\"noopener noreferrer\"><span data-mce-mark=\"1\"><strong>5\u00e8me<\/strong><\/span><\/a><strong>&nbsp;<span data-mce-mark=\"1\">\/\/<\/span>&nbsp;<a title=\"Aller au programme de 4\u00e8me\" href=\"http:\/\/trefavensc.fr\/?page_id=11952\" target=\"_blank\" rel=\"noopener noreferrer\">4\u00e8me<\/a>&nbsp;<span data-mce-mark=\"1\">\/\/<\/span>&nbsp;<span data-mce-mark=\"1\"><a title=\"Aller au programme de 3\u00e8me\" href=\"http:\/\/collegekerentrech.fr\/?page_id=11954\" target=\"_blank\" rel=\"noopener noreferrer\">3\u00e8me<\/a><\/span><\/strong><\/h1>\n<p>&nbsp;<\/p>\n<p>&nbsp;<\/p>\n<p>&nbsp;<\/p>\n<p>&nbsp;<\/p>\n","protected":false},"excerpt":{"rendered":"<p>&nbsp; Pour contacter l&rsquo;enseignant : PY Robin (the Boss) Lancez le chrono : Pour connaitre tous les tableaux des unit\u00e9s : Savoir utiliser un tableau des unit\u00e9s : &nbsp; Th\u00e8me 1 &#8211; Lorient et la mer &nbsp; &#8212;Auteur image : PY Robin &nbsp; &nbsp; Th\u00e8me 2 : Mieux comprendre les ph\u00e9nom\u00e8nes li\u00e9s au&nbsp; Soleil, Terre &hellip; <\/p>\n<p><a class=\"more-link btn\" href=\"https:\/\/trefavensc.fr\/?page_id=12551\">Lire la suite<\/a><\/p>\n","protected":false},"author":2,"featured_media":0,"parent":11652,"menu_order":4,"comment_status":"closed","ping_status":"closed","template":"","meta":{"ngg_post_thumbnail":0},"_links":{"self":[{"href":"https:\/\/trefavensc.fr\/index.php?rest_route=\/wp\/v2\/pages\/12551"}],"collection":[{"href":"https:\/\/trefavensc.fr\/index.php?rest_route=\/wp\/v2\/pages"}],"about":[{"href":"https:\/\/trefavensc.fr\/index.php?rest_route=\/wp\/v2\/types\/page"}],"author":[{"embeddable":true,"href":"https:\/\/trefavensc.fr\/index.php?rest_route=\/wp\/v2\/users\/2"}],"replies":[{"embeddable":true,"href":"https:\/\/trefavensc.fr\/index.php?rest_route=%2Fwp%2Fv2%2Fcomments&post=12551"}],"version-history":[{"count":80,"href":"https:\/\/trefavensc.fr\/index.php?rest_route=\/wp\/v2\/pages\/12551\/revisions"}],"predecessor-version":[{"id":19366,"href":"https:\/\/trefavensc.fr\/index.php?rest_route=\/wp\/v2\/pages\/12551\/revisions\/19366"}],"up":[{"embeddable":true,"href":"https:\/\/trefavensc.fr\/index.php?rest_route=\/wp\/v2\/pages\/11652"}],"wp:attachment":[{"href":"https:\/\/trefavensc.fr\/index.php?rest_route=%2Fwp%2Fv2%2Fmedia&parent=12551"}],"curies":[{"name":"wp","href":"https:\/\/api.w.org\/{rel}","templated":true}]}}