{"id":12955,"date":"2016-10-31T13:06:03","date_gmt":"2016-10-31T12:06:03","guid":{"rendered":"http:\/\/collegekerentrech.fr\/?page_id=12955"},"modified":"2020-04-06T07:06:06","modified_gmt":"2020-04-06T06:06:06","slug":"sejour-au-ski-5eme-2017","status":"publish","type":"page","link":"https:\/\/trefavensc.fr\/?page_id=12955","title":{"rendered":"S\u00e9jour au ski 5\u00e8me 2020"},"content":{"rendered":"\n<p style=\"background-color:#1e3d56\" class=\"has-text-color has-background has-small-font-size has-very-light-gray-color\"><strong><em>Le s\u00e9jour au ski ayant \u00e9t\u00e9 annul\u00e9, les familles vont \u00eatre inform\u00e9es au plus vite des modalit\u00e9s de remboursement.<\/em><\/strong><br><\/p>\n\n\n\n<h5><strong><span style=\"color: #800080;\">Pendant les vacances de F\u00e9vrier, continuez la pr\u00e9paration physique.<br>Retrouvez tous les exercices en cliquant sur l&rsquo;image ci-dessous.<\/span><\/strong><\/h5>\n\n\n\n<figure class=\"wp-block-image size-large\"><a href=\"https:\/\/drive.google.com\/file\/d\/1eKLeQp9_4x_9-WJ71WqL4Bx4oMkz7pJx\/view?usp=sharing\" target=\"_blank\" rel=\"noreferrer noopener\"><img decoding=\"async\" loading=\"lazy\" width=\"301\" height=\"167\" src=\"http:\/\/collegekerentrech.fr\/wp-content\/uploads\/2020\/01\/prepa-physique.jpg\" alt=\"\" class=\"wp-image-17807\"\/><\/a><\/figure>\n","protected":false},"excerpt":{"rendered":"<p>Le s\u00e9jour au ski ayant \u00e9t\u00e9 annul\u00e9, les familles vont \u00eatre inform\u00e9es au plus vite des modalit\u00e9s de remboursement. Pendant les vacances de F\u00e9vrier, continuez la pr\u00e9paration physique.Retrouvez tous les exercices en cliquant sur l&rsquo;image ci-dessous.<\/p>\n","protected":false},"author":1,"featured_media":0,"parent":10301,"menu_order":1,"comment_status":"closed","ping_status":"closed","template":"","meta":{"ngg_post_thumbnail":0},"_links":{"self":[{"href":"https:\/\/trefavensc.fr\/index.php?rest_route=\/wp\/v2\/pages\/12955"}],"collection":[{"href":"https:\/\/trefavensc.fr\/index.php?rest_route=\/wp\/v2\/pages"}],"about":[{"href":"https:\/\/trefavensc.fr\/index.php?rest_route=\/wp\/v2\/types\/page"}],"author":[{"embeddable":true,"href":"https:\/\/trefavensc.fr\/index.php?rest_route=\/wp\/v2\/users\/1"}],"replies":[{"embeddable":true,"href":"https:\/\/trefavensc.fr\/index.php?rest_route=%2Fwp%2Fv2%2Fcomments&post=12955"}],"version-history":[{"count":81,"href":"https:\/\/trefavensc.fr\/index.php?rest_route=\/wp\/v2\/pages\/12955\/revisions"}],"predecessor-version":[{"id":17949,"href":"https:\/\/trefavensc.fr\/index.php?rest_route=\/wp\/v2\/pages\/12955\/revisions\/17949"}],"up":[{"embeddable":true,"href":"https:\/\/trefavensc.fr\/index.php?rest_route=\/wp\/v2\/pages\/10301"}],"wp:attachment":[{"href":"https:\/\/trefavensc.fr\/index.php?rest_route=%2Fwp%2Fv2%2Fmedia&parent=12955"}],"curies":[{"name":"wp","href":"https:\/\/api.w.org\/{rel}","templated":true}]}}