{"id":16008,"date":"2019-01-26T10:34:58","date_gmt":"2019-01-26T09:34:58","guid":{"rendered":"http:\/\/collegekerentrech.fr\/?page_id=16008"},"modified":"2019-10-08T12:23:22","modified_gmt":"2019-10-08T11:23:22","slug":"ressources-dastronomie","status":"publish","type":"page","link":"https:\/\/trefavensc.fr\/?page_id=16008","title":{"rendered":"Ressources d&rsquo;astronomie"},"content":{"rendered":"<p>Une page <strong>r\u00e9pertoire<\/strong> cr\u00e9\u00e9e pour plus de <strong>lisibilit\u00e9<\/strong> dans la navigation dans <strong>Astronomie.<\/strong><\/p>\n<p>A CONSERVER !<\/p>\n<p><a href=\"https:\/\/learningapps.org\/watch?v=pm4n1uh2318\" target=\"_blank\" rel=\"noopener noreferrer\">&nbsp;Quizz 1 d&rsquo;Astronomie.<\/a><\/p>\n<p><a href=\"https:\/\/learningapps.org\/display?v=pqmwvcyz319\" target=\"_blank\" rel=\"noopener noreferrer\">Quizz 2 d&rsquo;astronomie.<\/a><\/p>\n<p>Le diaporama sur la spectroscopie (Madame Carr\u00e9)<\/p>\n<p>Peinture d&rsquo;un mur d&rsquo;astronomie.<\/p>\n<p>Nos films sur la Lune.<\/p>\n<p>Construire une lunette (simplifi\u00e9e).<\/p>\n<p>Des sites pour l&rsquo;astronomie.<\/p>\n<p>Apprendre \u00e0 se rep\u00e9rer dans le ciel : les \u00e9toiles et les principales constellations (Priv\u00e9)<\/p>\n<p>Construction d&rsquo;une micro fus\u00e9e<\/p>\n<p>Trous noirs \/ Espace temps<\/p>\n<p>Celestia : t\u00e9l\u00e9chargement, script, texture<\/p>\n<p>&nbsp;<\/p>\n","protected":false},"excerpt":{"rendered":"<p>Une page r\u00e9pertoire cr\u00e9\u00e9e pour plus de lisibilit\u00e9 dans la navigation dans Astronomie. A CONSERVER ! &nbsp;Quizz 1 d&rsquo;Astronomie. Quizz 2 d&rsquo;astronomie. Le diaporama sur la spectroscopie (Madame Carr\u00e9) Peinture d&rsquo;un mur d&rsquo;astronomie. Nos films sur la Lune. Construire une lunette (simplifi\u00e9e). Des sites pour l&rsquo;astronomie. Apprendre \u00e0 se rep\u00e9rer dans le ciel : les &hellip; <\/p>\n<p><a class=\"more-link btn\" href=\"https:\/\/trefavensc.fr\/?page_id=16008\">Lire la suite<\/a><\/p>\n","protected":false},"author":2,"featured_media":0,"parent":3723,"menu_order":0,"comment_status":"closed","ping_status":"closed","template":"","meta":{"ngg_post_thumbnail":0},"_links":{"self":[{"href":"https:\/\/trefavensc.fr\/index.php?rest_route=\/wp\/v2\/pages\/16008"}],"collection":[{"href":"https:\/\/trefavensc.fr\/index.php?rest_route=\/wp\/v2\/pages"}],"about":[{"href":"https:\/\/trefavensc.fr\/index.php?rest_route=\/wp\/v2\/types\/page"}],"author":[{"embeddable":true,"href":"https:\/\/trefavensc.fr\/index.php?rest_route=\/wp\/v2\/users\/2"}],"replies":[{"embeddable":true,"href":"https:\/\/trefavensc.fr\/index.php?rest_route=%2Fwp%2Fv2%2Fcomments&post=16008"}],"version-history":[{"count":7,"href":"https:\/\/trefavensc.fr\/index.php?rest_route=\/wp\/v2\/pages\/16008\/revisions"}],"predecessor-version":[{"id":17654,"href":"https:\/\/trefavensc.fr\/index.php?rest_route=\/wp\/v2\/pages\/16008\/revisions\/17654"}],"up":[{"embeddable":true,"href":"https:\/\/trefavensc.fr\/index.php?rest_route=\/wp\/v2\/pages\/3723"}],"wp:attachment":[{"href":"https:\/\/trefavensc.fr\/index.php?rest_route=%2Fwp%2Fv2%2Fmedia&parent=16008"}],"curies":[{"name":"wp","href":"https:\/\/api.w.org\/{rel}","templated":true}]}}