{"id":19030,"date":"2023-03-23T14:11:48","date_gmt":"2023-03-23T12:11:48","guid":{"rendered":"https:\/\/trefavensc.fr\/?page_id=19030"},"modified":"2023-03-23T14:11:48","modified_gmt":"2023-03-23T12:11:48","slug":"autre-site-phys-chim","status":"publish","type":"page","link":"https:\/\/trefavensc.fr\/?page_id=19030","title":{"rendered":"Autre site phys-chim"},"content":{"rendered":"\n<p><a href=\"https:\/\/www.pccl.fr\/\" target=\"_blank\" rel=\"noopener\">Un site pour vous aider \u00e0 mieux comprendre et \u00e0 vous entrainer (avec de nombreuses vid\u00e9os) : PCCL<\/a><\/p>\n","protected":false},"excerpt":{"rendered":"<p>Un site pour vous aider \u00e0 mieux comprendre et \u00e0 vous entrainer (avec de nombreuses vid\u00e9os) : PCCL<\/p>\n","protected":false},"author":2,"featured_media":0,"parent":0,"menu_order":0,"comment_status":"closed","ping_status":"closed","template":"","meta":{"ngg_post_thumbnail":0},"_links":{"self":[{"href":"https:\/\/trefavensc.fr\/index.php?rest_route=\/wp\/v2\/pages\/19030"}],"collection":[{"href":"https:\/\/trefavensc.fr\/index.php?rest_route=\/wp\/v2\/pages"}],"about":[{"href":"https:\/\/trefavensc.fr\/index.php?rest_route=\/wp\/v2\/types\/page"}],"author":[{"embeddable":true,"href":"https:\/\/trefavensc.fr\/index.php?rest_route=\/wp\/v2\/users\/2"}],"replies":[{"embeddable":true,"href":"https:\/\/trefavensc.fr\/index.php?rest_route=%2Fwp%2Fv2%2Fcomments&post=19030"}],"version-history":[{"count":1,"href":"https:\/\/trefavensc.fr\/index.php?rest_route=\/wp\/v2\/pages\/19030\/revisions"}],"predecessor-version":[{"id":19032,"href":"https:\/\/trefavensc.fr\/index.php?rest_route=\/wp\/v2\/pages\/19030\/revisions\/19032"}],"wp:attachment":[{"href":"https:\/\/trefavensc.fr\/index.php?rest_route=%2Fwp%2Fv2%2Fmedia&parent=19030"}],"curies":[{"name":"wp","href":"https:\/\/api.w.org\/{rel}","templated":true}]}}