{"id":19035,"date":"2023-04-03T10:34:12","date_gmt":"2023-04-03T08:34:12","guid":{"rendered":"https:\/\/trefavensc.fr\/?page_id=19035"},"modified":"2023-11-18T12:49:12","modified_gmt":"2023-11-18T10:49:12","slug":"chaine-you-tube","status":"publish","type":"page","link":"https:\/\/trefavensc.fr\/?page_id=19035","title":{"rendered":"Chaine You tube du prof"},"content":{"rendered":"\n<p><a href=\"https:\/\/www.youtube.com\/channel\/UCGYxf9o8YlA2g688WIixTtw\" target=\"_blank\" rel=\"noopener\">La chaine de M Robin (Astro, rire, exp\u00e9riences \u00e0 faire soi m\u00eame, vid\u00e9os pour le cours &#8230; )<\/a><\/p>\n<p><a href=\"https:\/\/www.youtube.com\/@pierreyvesrobin7717\" target=\"_blank\" rel=\"noopener\" data-wplink-edit=\"true\"><img decoding=\"async\" loading=\"lazy\" class=\"aligncenter wp-image-19039\" src=\"https:\/\/trefavensc.fr\/wp-content\/uploads\/2023\/04\/chaine-you-tube.jpg\" alt=\"\" width=\"370\" height=\"340\" srcset=\"https:\/\/trefavensc.fr\/wp-content\/uploads\/2023\/04\/chaine-you-tube.jpg 650w, https:\/\/trefavensc.fr\/wp-content\/uploads\/2023\/04\/chaine-you-tube-300x276.jpg 300w, https:\/\/trefavensc.fr\/wp-content\/uploads\/2023\/04\/chaine-you-tube-326x300.jpg 326w\" sizes=\"(max-width: 370px) 100vw, 370px\" \/><\/a><\/p>\n<p>&nbsp;<\/p>\n<p>&nbsp;<\/p>\n<p>&nbsp;<\/p>\n","protected":false},"excerpt":{"rendered":"<p>La chaine de M Robin (Astro, rire, exp\u00e9riences \u00e0 faire soi m\u00eame, vid\u00e9os pour le cours &#8230; ) &nbsp; &nbsp; &nbsp;<\/p>\n","protected":false},"author":2,"featured_media":0,"parent":0,"menu_order":0,"comment_status":"closed","ping_status":"closed","template":"","meta":{"ngg_post_thumbnail":0},"_links":{"self":[{"href":"https:\/\/trefavensc.fr\/index.php?rest_route=\/wp\/v2\/pages\/19035"}],"collection":[{"href":"https:\/\/trefavensc.fr\/index.php?rest_route=\/wp\/v2\/pages"}],"about":[{"href":"https:\/\/trefavensc.fr\/index.php?rest_route=\/wp\/v2\/types\/page"}],"author":[{"embeddable":true,"href":"https:\/\/trefavensc.fr\/index.php?rest_route=\/wp\/v2\/users\/2"}],"replies":[{"embeddable":true,"href":"https:\/\/trefavensc.fr\/index.php?rest_route=%2Fwp%2Fv2%2Fcomments&post=19035"}],"version-history":[{"count":5,"href":"https:\/\/trefavensc.fr\/index.php?rest_route=\/wp\/v2\/pages\/19035\/revisions"}],"predecessor-version":[{"id":19167,"href":"https:\/\/trefavensc.fr\/index.php?rest_route=\/wp\/v2\/pages\/19035\/revisions\/19167"}],"wp:attachment":[{"href":"https:\/\/trefavensc.fr\/index.php?rest_route=%2Fwp%2Fv2%2Fmedia&parent=19035"}],"curies":[{"name":"wp","href":"https:\/\/api.w.org\/{rel}","templated":true}]}}