{"id":4011,"date":"2011-11-14T17:57:29","date_gmt":"2011-11-14T16:57:29","guid":{"rendered":"http:\/\/collegekerentrech.fr\/?page_id=4011"},"modified":"2019-01-26T10:43:27","modified_gmt":"2019-01-26T09:43:27","slug":"construire-une-lunette-astronomique","status":"publish","type":"page","link":"https:\/\/trefavensc.fr\/?page_id=4011","title":{"rendered":"Construire une lunette astronomique"},"content":{"rendered":"<h2>La construction d&rsquo;une lunette astronomique qui fonctionne va passer par diff\u00e9rentes \u00e9tapes.<\/h2>\n<p><img decoding=\"async\" loading=\"lazy\" class=\"aligncenter size-full wp-image-4013\" title=\"lunette-fabrication\" src=\"http:\/\/collegekerentrech.fr\/wp-content\/uploads\/2011\/11\/lunette-fabrication.jpg\" alt=\"\" width=\"416\" height=\"255\" srcset=\"https:\/\/trefavensc.fr\/wp-content\/uploads\/2011\/11\/lunette-fabrication.jpg 500w, https:\/\/trefavensc.fr\/wp-content\/uploads\/2011\/11\/lunette-fabrication-300x183.jpg 300w, https:\/\/trefavensc.fr\/wp-content\/uploads\/2011\/11\/lunette-fabrication-150x91.jpg 150w\" sizes=\"(max-width: 416px) 100vw, 416px\" \/><\/p>\n<ul>\n<li style=\"list-style-type: none\">\n<ul><\/ul>\n<\/li>\n<\/ul>\n<h2 style=\"text-align: center;\">Chaque \u00e9tape r\u00e9pond \u00e0 une question pr\u00e9cise<\/h2>\n<p>Un \u00e9l\u00e8ve sera responsable de la mise en ligne des diff\u00e9rentes r\u00e9ponses. Un autre \u00e9l\u00e8ve se chargera de faire une photo correspondant \u00e0 chacune des \u00e9tapes<\/p>\n<ul>\n<li>\n<h3><span style=\"text-decoration: underline;\"><span style=\"color: #0000ff;\">Etape 1 : Mais \u00e0 quoi sert une lunette astronomique ?<\/span><\/span><\/h3>\n<\/li>\n<\/ul>\n<p style=\"padding-left: 60px;\">R\u00e9ponse : on peut ainsi voir des d\u00e9tails que l&rsquo;on ne peut pas voir \u00e0 l&rsquo;\u0153il nu, pour des objets qui sont loin de nous<\/p>\n<p style=\"padding-left: 30px;\">\n<ul>\n<li>\n<h3><span style=\"text-decoration: underline;\"><span style=\"color: #0000ff;\">Etape 2 : De quel mat\u00e9riel minimum a t-on besoin pour fabriquer une lunette ?<\/span><\/span><\/h3>\n<\/li>\n<\/ul>\n<p style=\"padding-left: 60px;\">R\u00e9ponse : on doit utiliser une lentille (un bloc de verre) &#8230; euh &#8230; non, il nous faut 2 lentilles<\/p>\n<p style=\"padding-left: 60px;\"><a href=\"http:\/\/collegekerentrech.fr\/wp-content\/uploads\/2011\/11\/lentilles.jpg\"><img decoding=\"async\" loading=\"lazy\" class=\"aligncenter size-medium wp-image-4079\" title=\"GE DIGITAL CAMERA\" src=\"http:\/\/collegekerentrech.fr\/wp-content\/uploads\/2011\/11\/lentilles-300x200.jpg\" alt=\"\" width=\"300\" height=\"200\" srcset=\"https:\/\/trefavensc.fr\/wp-content\/uploads\/2011\/11\/lentilles-300x200.jpg 300w, https:\/\/trefavensc.fr\/wp-content\/uploads\/2011\/11\/lentilles-150x100.jpg 150w, https:\/\/trefavensc.fr\/wp-content\/uploads\/2011\/11\/lentilles.jpg 600w\" sizes=\"(max-width: 300px) 100vw, 300px\" \/><\/a><\/p>\n<p style=\"padding-left: 30px;\">\n<ul>\n<li>\n<h3><span style=\"text-decoration: underline;\"><span style=\"color: #0000ff;\">Etape 3 : Parmi le mat\u00e9riel \u00e0 votre disposition, quels mat\u00e9riels d&rsquo;optique choisissez vous ?<\/span><\/span><\/h3>\n<\/li>\n<\/ul>\n<p style=\"padding-left: 60px;\">&#x2666; 2 lentilles oui mais lesquelles ? On a choisir entre des lentilles 25 cm (+4), 10 cm (+10), 5 cm (+20), on a m\u00eame des lentilles -10 et des lentilles +6 : quel bazar !<\/p>\n<p style=\"padding-left: 60px;\">&#x2666; Apr\u00e8s plusieurs essais tout le monde est d&rsquo;accord pour utiliser la 25 cm ! Oui mais l&rsquo;autre ? on h\u00e9site entre la 10 cm et la 5 cm ? Alors on refait des essais. On est tout de m\u00eame d&rsquo;accord pour utiliser la 25 cm devant (la plus loin de notre oeil) et l&rsquo;autre est par contre proche de notre oeil<\/p>\n<p style=\"padding-left: 60px;\">d\u00e9but<\/p>\n<p style=\"padding-left: 60px;\">\n<p><script src=\"http:\/\/collegekerentrech.fr\/jwplayer\/jwplayer.js\" type=\"text\/javascript\"><\/script><\/p>\n<div id=\"container\">Loading the player &#8230;<\/div>\n<p><script type=\"text\/javascript\">\/\/ <![CDATA[ jwplayer(\"container\").setup({ flashplayer: \"http:\/\/collegekerentrech.fr\/jwplayer\/player.swf\", file: \"http:\/\/collegekerentrech.fr\/videos\/choix-lentilles_converted.flv\", height: 270, width: 480 }); \/\/ ]]><\/script><\/p>\n<p style=\"padding-left: 60px;\">fin<\/p>\n<p style=\"padding-left: 60px;\">&#x2666; Cette fois c&rsquo;est s\u00fbr, on doit utiliser la 25 cm (loin de notre oeil) et la 5 cm (proche de notre oeil)<\/p>\n<p style=\"padding-left: 30px;\">\n<p style=\"padding-left: 60px;\">&#x2666; Le prof nous explique ce que signifie 25 cm et 5 cm, et pourquoi une 25 cm c&rsquo;est la m\u00eame chose qu&rsquo;une +4<\/p>\n<p style=\"padding-left: 60px;\">25 cm = 0.25 m et 1\/\u00a0 0.25=4<\/p>\n<p style=\"padding-left: 60px;\">De la m\u00eame fa\u00e7on :<br \/>\n10 cm =0.10 m et 1 \/ 0.10= +10<\/p>\n<p style=\"padding-left: 60px;\">On comprend aussi pourquoi il y a des lentilles -10 par exemple<\/p>\n<p style=\"padding-left: 60px;\">Du coup, on en profite pour ranger les lentilles qui se sont bien m\u00e9lang\u00e9es !!!<\/p>\n<p style=\"padding-left: 30px;\">\n<p style=\"padding-left: 30px;\">\n<ul>\n<li>\n<h3><span style=\"text-decoration: underline;\"><span style=\"color: #0000ff;\">Etape 4 : Comment faut il placer ces mat\u00e9riels les uns par rapport aux autres ?<\/span><\/span><\/h3>\n<\/li>\n<\/ul>\n<p style=\"padding-left: 30px;\">Chaque groupe dispose du mat\u00e9riel retenu et apr\u00e8s essais successifs sur barre gradu\u00e9e, et avec les lentilles dont on dispose :<\/p>\n<p style=\"padding-left: 30px;\">Une lentille + 5 cm<\/p>\n<p style=\"padding-left: 30px;\">Une lentille\u00a0 + 25 cm<\/p>\n<h2 id=\"ancrelunette\" style=\"text-align: center;\">lunette<\/h2>\n<p style=\"padding-left: 30px; text-align: center;\">On\u00a0 retrouve\u00a0 tous le m\u00eame \u00e9cart n\u00e9cessaire entre les 2 lentilles : 30 cm (5 +25)<br \/>\n[slide][galery][\/slide]<\/p>\n<ul>\n<li>\n<h3><span style=\"text-decoration: underline;\"><span style=\"color: #0000ff;\">Etape 5 : Comment construire la lunette astronomique, concr\u00e8tement ?<\/span><\/span><\/h3>\n<\/li>\n<\/ul>\n<p style=\"padding-left: 60px;\">La solution technique retenue est un tuyau PVC, d&rsquo;une longueur de 30 cm (au vue de nos lentilles). Cette lunette astronomique sera utilis\u00e9e lors des observations nocturnes \u00e0 venir et doit nous permettre de voir des d\u00e9tails de la Lune<\/p>\n<p style=\"padding-left: 60px;\">Pour acheter des lentilles et construire sa lunette d&rsquo;Astro ?<br \/>\n&#8211; Le magasin : <a href=\"http:\/\/www.astronome.fr\/default.asp\" target=\"_blank\" rel=\"noopener\">L&rsquo;astronome <\/a>\u00e0 Lorient<br \/>\n<a href=\"http:\/\/www.optics-concept.fr\/actualites\/composants-optiques.html?art=423\" target=\"_blank\" rel=\"noopener\">&#8211; Un fabricant et vendeur <\/a><br \/>\n&#8211;<a href=\"http:\/\/www.funsci.com\/fun3_fr\/lunette\/lunette.htm#0\" target=\"_blank\" rel=\"noopener\"> Un site qui vous explique comment proc\u00e9der<\/a><\/p>\n<p style=\"padding-left: 60px;\">\n<div id=\"_mcePaste\" class=\"mcePaste\" style=\"position: absolute; left: -10000px; top: 107px; width: 1px; height: 1px; overflow: hidden;\">\n<h3>On en discute et on note directement sur le site<\/h3>\n<\/div>\n","protected":false},"excerpt":{"rendered":"<p>La construction d&rsquo;une lunette astronomique qui fonctionne va passer par diff\u00e9rentes \u00e9tapes. Chaque \u00e9tape r\u00e9pond \u00e0 une question pr\u00e9cise Un \u00e9l\u00e8ve sera responsable de la mise en ligne des diff\u00e9rentes r\u00e9ponses. Un autre \u00e9l\u00e8ve se chargera de faire une photo correspondant \u00e0 chacune des \u00e9tapes Etape 1 : Mais \u00e0 quoi sert une lunette astronomique &hellip; <\/p>\n<p><a class=\"more-link btn\" href=\"https:\/\/trefavensc.fr\/?page_id=4011\">Lire la suite<\/a><\/p>\n","protected":false},"author":2,"featured_media":4079,"parent":16008,"menu_order":6,"comment_status":"closed","ping_status":"closed","template":"","meta":{"ngg_post_thumbnail":0},"_links":{"self":[{"href":"https:\/\/trefavensc.fr\/index.php?rest_route=\/wp\/v2\/pages\/4011"}],"collection":[{"href":"https:\/\/trefavensc.fr\/index.php?rest_route=\/wp\/v2\/pages"}],"about":[{"href":"https:\/\/trefavensc.fr\/index.php?rest_route=\/wp\/v2\/types\/page"}],"author":[{"embeddable":true,"href":"https:\/\/trefavensc.fr\/index.php?rest_route=\/wp\/v2\/users\/2"}],"replies":[{"embeddable":true,"href":"https:\/\/trefavensc.fr\/index.php?rest_route=%2Fwp%2Fv2%2Fcomments&post=4011"}],"version-history":[{"count":21,"href":"https:\/\/trefavensc.fr\/index.php?rest_route=\/wp\/v2\/pages\/4011\/revisions"}],"predecessor-version":[{"id":16012,"href":"https:\/\/trefavensc.fr\/index.php?rest_route=\/wp\/v2\/pages\/4011\/revisions\/16012"}],"up":[{"embeddable":true,"href":"https:\/\/trefavensc.fr\/index.php?rest_route=\/wp\/v2\/pages\/16008"}],"wp:featuredmedia":[{"embeddable":true,"href":"https:\/\/trefavensc.fr\/index.php?rest_route=\/wp\/v2\/media\/4079"}],"wp:attachment":[{"href":"https:\/\/trefavensc.fr\/index.php?rest_route=%2Fwp%2Fv2%2Fmedia&parent=4011"}],"curies":[{"name":"wp","href":"https:\/\/api.w.org\/{rel}","templated":true}]}}