{"id":8082,"date":"2014-01-17T17:29:57","date_gmt":"2014-01-17T16:29:57","guid":{"rendered":"http:\/\/collegekerentrech.fr\/?page_id=8082"},"modified":"2022-06-27T11:35:33","modified_gmt":"2022-06-27T09:35:33","slug":"pour-preparer-le-cfg","status":"publish","type":"page","link":"https:\/\/trefavensc.fr\/?page_id=8082","title":{"rendered":"Pour pr\u00e9parer le CFG"},"content":{"rendered":"<p>En Math:<\/p>\n<p>1. Un test informatique avant de commencer<\/p>\n<p style=\"padding-left: 30px;\"><a href=\"http:\/\/amatheur.fr\/SiteMath\/didapage\/positionA4\/index.html\" target=\"_blank\" rel=\"noopener\">Un livre interactif pour savoir ou vous en \u00eates<\/a> (A faire tout seul et sans calculatrice, demandez \u00e0 faire imprimer votre score)<\/p>\n<p>2. Pour s&rsquo;entrainer sur les points qui vous g\u00eanent<\/p>\n<p style=\"padding-left: 30px;\"><a title=\"amatheur\" href=\"http:\/\/amatheur.fr\/SiteMath\/exer_interactifs.html\" target=\"_blank\" rel=\"noopener\">Des exercices interactifs (en 10 s\u00e9ances)<\/a><\/p>\n<p>3. Pour v\u00e9rifier pour que vous \u00eates au niveau : des \u00e9valuations papier (\u00e0 imprimer)<\/p>\n<p style=\"padding-left: 30px;\" align=\"left\">\u00e9valuation n\u00b01 : <a href=\"http:\/\/amatheur.fr\/SiteMath\/cours_pdf\/eval_01.pdf\" target=\"_blank\" rel=\"noopener\">\u00e9criture lettres\/chiffres<\/a><\/p>\n<p style=\"padding-left: 30px;\" align=\"left\">\u00e9valuation n\u00b02 : <a href=\"http:\/\/amatheur.fr\/SiteMath\/cours_pdf\/eval_02.pdf\" target=\"_blank\" rel=\"noopener\">addition\/soustraction d&rsquo;entiers<\/a><\/p>\n<p style=\"padding-left: 30px;\" align=\"left\">\u00e9valuation n\u00b03 : <a href=\"http:\/\/amatheur.fr\/SiteMath\/cours_pdf\/eval_03.pdf\" target=\"_blank\" rel=\"noopener\">multiplication\/division\/probl\u00e8mes d&rsquo;entier<\/a>s<\/p>\n<p style=\"padding-left: 30px;\" align=\"left\">\u00e9valuation n\u00b04 : <a href=\"http:\/\/amatheur.fr\/SiteMath\/cours_pdf\/eval_04.pdf\" target=\"_blank\" rel=\"noopener\">graphiques (1)<\/a><\/p>\n<p style=\"padding-left: 30px;\" align=\"left\">\u00e9valuation n\u00b05 : <a href=\"http:\/\/amatheur.fr\/SiteMath\/cours_pdf\/eval_05.pdf\" target=\"_blank\" rel=\"noopener\">probl\u00e8mes avec additions<\/a><\/p>\n<p style=\"padding-left: 30px;\" align=\"left\">\u00e9valuation n\u00b06 : <a href=\"http:\/\/amatheur.fr\/SiteMath\/cours_pdf\/eval_06.pdf\" target=\"_blank\" rel=\"noopener\">graphiques (2)<\/a><\/p>\n<p style=\"padding-left: 30px;\" align=\"left\">\u00e9valuation n\u00b07 : <a href=\"http:\/\/amatheur.fr\/SiteMath\/cours_pdf\/eval_07.pdf\" target=\"_blank\" rel=\"noopener\">probl\u00e8mes avec multiplications<\/a><\/p>\n<p style=\"padding-left: 30px;\" align=\"left\">\u00e9valuation n\u00b08 : <a href=\"http:\/\/amatheur.fr\/SiteMath\/cours_pdf\/eval_08.pdf\" target=\"_blank\" rel=\"noopener\">factures<\/a><\/p>\n<p style=\"padding-left: 30px;\" align=\"left\">\u00e9valuation n\u00b09 : <a href=\"http:\/\/amatheur.fr\/SiteMath\/cours_pdf\/eval_09.pdf\" target=\"_blank\" rel=\"noopener\">carr\u00e9\/cube<\/a><\/p>\n<p style=\"padding-left: 30px;\" align=\"left\">\u00e9valuation n\u00b010 : <a href=\"http:\/\/amatheur.fr\/SiteMath\/cours_pdf\/eval_10.pdf\" target=\"_blank\" rel=\"noopener\">choisir l&rsquo;op\u00e9ration<\/a><\/p>\n<p style=\"padding-left: 30px;\" align=\"left\">\u00e9valuation n\u00b011 :\u00a0<a href=\"http:\/\/amatheur.fr\/SiteMath\/cours_pdf\/eval_11.pdf\" target=\"_blank\" rel=\"noopener\">tableaux et graphiques<\/a><\/p>\n<p style=\"padding-left: 30px;\" align=\"left\">\u00e9valuation n\u00b012 : <a href=\"http:\/\/amatheur.fr\/SiteMath\/cours_pdf\/eval_12.pdf\" target=\"_blank\" rel=\"noopener\">calcul d&rsquo;une expression litt\u00e9rale<\/a><\/p>\n<p style=\"padding-left: 30px;\" align=\"left\">\u00e9valuation n\u00b013 : <a href=\"http:\/\/amatheur.fr\/SiteMath\/cours_pdf\/eval_13.pdf\" target=\"_blank\" rel=\"noopener\">r\u00e9solution de probl\u00e8mes<\/a><\/p>\n<p style=\"padding-left: 30px;\" align=\"left\">\u00e9valuation n\u00b014 : <a href=\"http:\/\/amatheur.fr\/SiteMath\/cours_pdf\/eval_14.pdf\" target=\"_blank\" rel=\"noopener\">num\u00e9ration, op\u00e9rations<\/a><\/p>\n<p align=\"left\">A classer :<\/p>\n<p style=\"padding-left: 30px;\" align=\"left\">http:\/\/amatheur.fr\/SiteMath\/posi_cfg.html<\/p>\n<p style=\"padding-left: 30px;\" align=\"left\">http:\/\/amatheur.fr\/SiteMath\/posi_a4.html<\/p>\n<p style=\"padding-left: 30px;\" align=\"left\">http:\/\/www.ac-grenoble.fr\/college\/vivarais.lamastre\/spip.php?article402<\/p>\n","protected":false},"excerpt":{"rendered":"<p>En Math: 1. Un test informatique avant de commencer Un livre interactif pour savoir ou vous en \u00eates (A faire tout seul et sans calculatrice, demandez \u00e0 faire imprimer votre score) 2. Pour s&rsquo;entrainer sur les points qui vous g\u00eanent Des exercices interactifs (en 10 s\u00e9ances) 3. Pour v\u00e9rifier pour que vous \u00eates au niveau &hellip; <\/p>\n<p><a class=\"more-link btn\" href=\"https:\/\/trefavensc.fr\/?page_id=8082\">Lire la suite<\/a><\/p>\n","protected":false},"author":2,"featured_media":0,"parent":430,"menu_order":12,"comment_status":"closed","ping_status":"closed","template":"","meta":{"ngg_post_thumbnail":0},"_links":{"self":[{"href":"https:\/\/trefavensc.fr\/index.php?rest_route=\/wp\/v2\/pages\/8082"}],"collection":[{"href":"https:\/\/trefavensc.fr\/index.php?rest_route=\/wp\/v2\/pages"}],"about":[{"href":"https:\/\/trefavensc.fr\/index.php?rest_route=\/wp\/v2\/types\/page"}],"author":[{"embeddable":true,"href":"https:\/\/trefavensc.fr\/index.php?rest_route=\/wp\/v2\/users\/2"}],"replies":[{"embeddable":true,"href":"https:\/\/trefavensc.fr\/index.php?rest_route=%2Fwp%2Fv2%2Fcomments&post=8082"}],"version-history":[{"count":10,"href":"https:\/\/trefavensc.fr\/index.php?rest_route=\/wp\/v2\/pages\/8082\/revisions"}],"predecessor-version":[{"id":15339,"href":"https:\/\/trefavensc.fr\/index.php?rest_route=\/wp\/v2\/pages\/8082\/revisions\/15339"}],"up":[{"embeddable":true,"href":"https:\/\/trefavensc.fr\/index.php?rest_route=\/wp\/v2\/pages\/430"}],"wp:attachment":[{"href":"https:\/\/trefavensc.fr\/index.php?rest_route=%2Fwp%2Fv2%2Fmedia&parent=8082"}],"curies":[{"name":"wp","href":"https:\/\/api.w.org\/{rel}","templated":true}]}}